is divided by 22.
20
What is the remainder when 399 is divided by 135?
129
What is the remainder when 5093 is divided by 50?
43
What is the remainder when 188 is divided by 148?
40
Calculate the remainder when 273 is divided by 70.
63
What is the remainder when 2787 is divided by 107?
5
What is the remainder when 974 is divided by 15?
14
Calculate the remainder when 164 is divided by 56.
52
Calculate the remainder when 129 is divided by 22.
19
What is the remainder when 988 is divided by 125?
113
Calculate the remainder when 1083 is divided by 1061.
22
Calculate the remainder when 556 is divided by 31.
29
What is the remainder when 370 is divided by 7?
6
Calculate the remainder when 819 is divided by 5.
4
Calculate the remainder when 8 is divided by 5.
3
What is the remainder when 6843 is divided by 163?
160
Calculate the remainder when 744 is divided by 83.
80
What is the remainder when 1148 is divided by 72?
68
Calculate the remainder when 1064 is divided by 67.
59
Calculate the remainder when 192 is divided by 96.
0
What is the remainder when 100 is divided by 53?
47
What is the remainder when 49 is divided by 18?
13
What is the remainder when 296 is divided by 196?
100
Calculate the remainder when 181 is divided by 117.
64
What is the remainder when 201 is divided by 51?
48
Calculate the remainder when 348 is divided by 22.
18
Calculate the remainder when 3191 is divided by 97.
87
What is the remainder when 890 is divided by 18?
8
Calculate the remainder when 4712 is divided by 392.
8
Calculate the remainder when 545 is divided by 92.
85
What is the remainder when 83 is divided by 29?
25
What is the remainder when 166 is divided by 94?
72
What is the remainder when 211 is divided by 34?
7
Calculate the remainder when 180 is divided by 86.
8
What is the remainder when 5269 is divided by 5256?
13
What is the remainder when 58 is divided by 51?
7
Calculate the remainder when 741 is divided by 106.
105
What is the remainder when 53 is divided by 6?
5
Calculate the remainder when 1742 is divided by 86.
22
Calculate the remainder when 164 is divided by 78.
8
What is the remainder when 306 is divided by 77?
75
What is the remainder when 509 is divided by 117?
41
What is the remainder when 2200 is divided by 58?
54
What is the remainder when 1441 is divided by 39?
37
What is the remainder when 181 is divided by 13?
12
Calculate the remainder when 1052 is divided by 347.
11
Calculate the remainder when 73 is divided by 53.
20
What is the remainder when 237 is divided by 40?
37
What is the remainder when 116 is divided by 8?
4
What is the remainder when 764 is divided by 59?
56
Calculate the remainder when 25 is divided by 5.
0
Calculate the remainder when 251 is divided by 84.
83
Calculate the remainder when 721 is divided by 37.
18
Calculate the remainder when 24 is divided by 19.
5
What is the remainder when 94 is divided by 6?
4
What is the remainder when 3751 is divided by 67?
66
What is the remainder when 81303 is divided by 18?
15
What is the remainder when 10290 is divided by 429?
423
Calculate the remainder when 137 is divided by 25.
12
What is the remainder when 1222 is divided by 18?
16
Calculate the remainder when 109 is divided by 12.
1
What is the remainder when 1715 is divided by 33?
32
Calculate the remainder when 1887 is divided by 941.
5
What is the remainder when 129 is divided by 44?
41
Calculate the remainder when 175 is divided by 43.
3
Calculate the remainder when 69 is divided by 60.
9
What is the remainder when 824 is divided by 206?
0
What is the remainder when 154 is divided by 16?
10
What is the remainder when 3710 is divided by 65?
5
Calculate the remainder when 328 is divided by 41.
0
What is the remainder when 11558 is divided by 49?
43
What is the remainder when 34599 is divided by 79?
76
Calculate the remainder when 468 is divided by 229.
10
Calculate the remainder when 441 is divided by 74.
71
Calculate the remainder when 282 is divided by 13.
9
Calculate the remainder when 52 is divided by 29.
23
What is the remainder when 155 is divided by 66?
23
What is the remainder when 84 is divided by 45?
39
What is the remainder when 334 is divided by 14?
12
What is the remainder when 4838 is divided by 121?
119
Calculate the remainder when 83 is divided by 64.
19
What is the remainder when 1005 is divided by 53?
51
Calculate the remainder when 1115 is divided by 112.
107
What is the remainder when 4044 is divided by 57?
54
Calculate the remainder when 1846 is divided by 231.
229
What is the remainder when 215 is divided by 109?
106
Calculate the remainder when 25 is divided by 16.
9
What is the remainder when 37 is divided by 20?
17
Calculate the remainder when 68 is divided by 14.
12
What is the remainder when 147 is divided by 76?
71
What is the remainder when 2230 is divided by 18?
16
What is the remainder when 105 is divided by 31?
12
Calculate the remainder when 1103 is divided by 122.
5
Calculate the remainder when 415 is divided by 13.
12
What is the remainder when 1339 is divided by 163?
35
What is the remainder when 37 is divided by 17?
3
Calculate the remainder when 208 is divided by 12.
4
Calculate the remainder when 1676 is divided by 16.
12
What is the remainder when 308 is divided by 302?
6
Calculate the remainder when 838 is divided by 28.
26
Calculate the remainder when 818 is divided by 266.
20
What is the remainder when 4469 is divided by 86?
83
What is the remainder when 1534 is divided by 67?
60
What is the remainder when 25 is divided by 6?
1
Calculate the remainder when 1684 is divided by 50.
34
Calculate the remainder when 69 is divided by 8.
5
Calculate the remainder when 1068 is divided by 267.
0
Calculate the remainder when 241 is divided by 61.
58
Calculate the remainder when 237 is divided by 16.
13
What is the remainder when 31 is divided by 16?
15
What is the remainder when 559 is divided by 87?
37
What is the remainder when 177 is divided by 50?
27
Calculate the remainder when 71 is divided by 37.
34
What is the remainder when 522 is divided by 40?
2
What is the remainder when 318 is divided by 102?
12
What is the remainder when 793 is divided by 261?
10
Calculate the remainder when 10949 is divided by 50.
49
Calculate the remainder when 78 is divided by 23.
9
Calculate the remainder when 425 is divided by 414.
11
What is the remainder when 2480 is divided by 12?
8
Calculate the remainder when 223 is divided by 9.
7
What is the remainder when 123 is divided by 123?
0
Calculate the remainder when 1135 is divided by 16.
15
Calculate the remainder when 42 is divided by 31.
11
Calculate the remainder when 855 is divided by 19.
0
Calculate the remainder when 415 is divided by 43.
28
Calculate the remainder when 196 is divided by 61.
13
Calculate the remainder when 601 is divided by 11.
7
Calculate the remainder when 58 is divided by 24.
10
Calculate the remainder when 75 is divided by 39.
36
What is the remainder when 1033 is divided by 94?
93
Calculate the remainder when 738 is divided by 374.
364
What is the remainder when 160 is divided by 6?
4
Calculate the remainder when 21 is divided by 10.
1
What is the remainder when 1912 is divided by 174?
172
Calculate the remainder when 3925 is divided by 8.
5
Calculate the remainder when 46 is divided by 11.
2
Calculate the remainder when 428 is divided by 43.
41
What is the remainder when 460 is divided by 14?
12
Calculate the remainder when 110 is divided by 25.
10
Calculate the remainder when 316 is divided by 102.
10
Calculate the remainder when 7960 is divided by 181.
177
What is the remainder when 29 is divided by 10?
9
What is the remainder when 1087 is divided by 34?
33
What is the remainder when 101 is divided by 90?
11
Calculate the remainder when 3400 is divided by 22.
12
What is the remainder when 322 is divided by 46?
0
Calculate the remainder when 55 is divided by 14.
13
Calculate the remainder when 3531 is divided by 20.
11
Calculate the remainder when 69 is divided by 68.
1
Calculate the remainder when 2352 is divided by 214.
212
Calculate the remainder when 137 is divided by 39.
20
What is the remainder when 2938 is divided by 109?
104
What is the remainder when 1518 is divided by 302?
8
Calculate the remainder when 2703 is divided